-18
Let i(s) = -11*s**2 + 5*s + 3. Let g(b) = -9*b**2 + 4*b + 2. Let u(h) = 5*g(h) - 4*i(h). Give u(3).
-11
Let m(q) = 2*q**3 - 3*q**2 + 15*q + 6. Let t(r) = r**3 - 2*r**2 + 8*r + 3. Let i(j) = -6*m(j) + 11*t(j). Give i(-3).
-6
Let g(c) = -7*c + 66. Let y(n) = 96*n + 10. Let s be y(0). Calculate g(s).
-4
Let u(s) = -s**3 - 4*s**2 - 5*s - 4. Let q be u(-3). Let o(r) be the third derivative of r**6/60 - r**5/20 + r**4/24 + 306*r**2 + r. Give o(q).
6
Suppose -4*s - 2 - 13 = 5*c, 5*c - 4*s + 55 = 0. Let h(n) = 3*n**3 + 4 - 8*n**2 + 0*n**3 - 6*n - 4*n**3. Determine h(c).
-3
Let v(f) = f**3 - 10*f**2 - 12*f - 11. Let o = 153 + -142. Calculate v(o).
-22
Let n be -1 + (-3 - (7 - 3)/(-1)). Let d be ((-7)/(-3)*-3)/(1 - n). Let r(v) = -v - 4. Give r(d).
3
Suppose -5*v = -4*b - 0*v + 80, 0 = -3*b - 2*v + 83. Let p = 19 - b. Let h(l) = -l**2 - 6*l - 8. Calculate h(p).
-8
Let j be 3 + 3 + 4 + -16. Let y(u) = u**3 + 6*u**2 + 6. Determine y(j).
6
Let h be 6/(-5)*245/98. Let f(w) be the second derivative of w**5/60 + w**4/8 - w**3/3 + w**2/2 - w. Let v(n) be the first derivative of f(n). Determine v(h).
-2
Suppose -71 = -2*c + 19. Suppose g - 6*g = -c. Let q be 304/72 - 2/g. Let j(z) = z**3 - 6*z**2 + 5*z + 4. Determine j(q).
-8
Let t(h) be the first derivative of h**4/4 - 7*h**3/3 - 3*h**2 + 4*h - 425. Give t(8).
20
Let c(o) be the second derivative of o**4/12 + 5*o**3/3 + 21*o**2/2 + 2*o + 29. Calculate c(-9).
12
Let p(h) = 241*h**2 + h**3 - 236*h**2 - 4*h - 3*h - 5. What is p(-6)?
1
Suppose -3*m + 6*m = 3. Let v = -1 + m. Let l(w) = -w**3 + w**2 - w + 1. Let s(c) = -c**2 + c - 14. Let y(h) = -l(h) - s(h). Calculate y(v).
13
Let o(j) = 2*j**2 + j - 2. Let s be 4 + (-2 - 4/1). Let n be o(s). Suppose 4*q = n - 0. Let k(h) = -16*h**3 + 2*h**2 - h. Determine k(q).
-15
Let k(l) be the first derivative of -l**5/120 + l**4/24 - 6*l**3 - 19. Let u(j) be the third derivative of k(j). Give u(-5).
6
Let x(h) = -2*h**2 - 4. Let k(t) be the first derivative of -t**3 + t**2/2 - 8*t - 7. Let o(r) = -3*k(r) + 5*x(r). What is o(-4)?
0
Suppose 5*v = -0*v - 10. Let f(r) = 2*r**2 + 4*r - 6. Let z(q) = -1. Let l(i) = -f(i) - 2*z(i). Let c(p) = p - 1. Let s(h) = -6*c(h) - l(h). What is s(v)?
10
Let r(v) be the second derivative of 1/3*v**3 + 0*v**2 - 1/60*v**5 - 10*v + 0 + 1/24*v**4. Let z(x) be the second derivative of r(x). Determine z(2).
-3
Let j(c) = 13*c - 5. Let b be j(-3). Let u = 48 + b. Let l(q) = -q**3 + 4*q**2 + 5*q - 6. Calculate l(u).
14
Let v(z) = z**2 - 5*z + 2. Let a(r) = r**3 - 2*r + 1. Let k be a(2). Suppose 0 = -5*f + k*s + 15, -21 = -2*f + 4*s - 7*s. Let p be f + 4/((-4)/3). What is v(p)?
-4
Let y(g) be the third derivative of -g**4/12 - g**3/2 + 616*g**2. Calculate y(3).
-9
Let t(q) = q**2 + 4*q - 5. Let j(b) = -3*b**3 + b**2 + 2*b + 1. Let u be j(-1). Suppose -3 = -c, -4*c + 11 = 2*z - u. Let m = z - 5. What is t(m)?
-5
Let r = 1 + -4. Let h = -5 - r. Let c(l) = -l - 8075 + 3968 + 4108. Give c(h).
3
Let o(r) = -r**3 + 175*r + 169*r - 501*r - 1 + 3*r**2 + r**2 + 166*r. What is o(6)?
-19
Suppose -4*v - 2*n - 13 = 7, -4*v - 14 = -n. Let z(k) = 10*k + 45. Let h be z(v). Let m(w) = -w + 7. Determine m(h).
2
Let i(m) = -m + 6. Suppose -3*q + 0*q - 5*u + 23 = 0, -u - 29 = -5*q. What is i(q)?
0
Let u(g) be the third derivative of -g**5/60 + g**4/12 - 2*g**3/3 - 42*g**2. Determine u(6).
-28
Let j(r) = 12 + 2 - 3*r - 6 + r - 7. Let n(b) = -b**3 - b - 1. Let c be n(-2). Let m be 2/7 - c/7. Calculate j(m).
3
Suppose -2*i + 9 = 5. Let c(m) be the second derivative of i*m**2 + 0 + m - 1/6*m**3. Determine c(-4).
8
Let d(l) = -l**2 + 20*l - 2. Suppose 3*n - 2*c = 70, -n = -2*c - 23 - 7. Let o be d(n). Let f(w) = -1 - 2*w**2 + 1 + w. What is f(o)?
-10
Let p be 30/(-5) - 0 - -1. Let w(n) = n + 6. Let a(y) = -y**2 - 6*y - 1. Let b be a(-5). Let l(r) = -r - 6. Let c(k) = b*l(k) + 3*w(k). Calculate c(p).
-1
Let o(s) = s**3 + 3*s**2 - 5*s - 2. Suppose -13*n = -2*n + 44. Calculate o(n).
2
Let a(o) = -11 + 9 - 6*o**2 + 3*o**2 + 6 - 2*o. Calculate a(3).
-29
Let i(m) = -2*m + 3. Suppose u = 5*q, -3*u = -3*q + u. Suppose w - 3 = 4*s, -w + q*s + 3 = 4*s. Give i(w).
-3
Let o = 56 + -34. Let b = o + -19. Let z(j) = 2*j**2 - 4*j - 1. Let g be z(b). Let x(i) = -i**2 + 4*i + 7. Calculate x(g).
2
Let z(p) be the third derivative of -p**5/60 - p**4/8 + 2*p**3/3 - 6*p**2 - 1. Let b(f) = -f - 11. Let c be b(-7). Determine z(c).
0
Let r(o) = 2*o - 12. Let q = -197 + 205. Determine r(q).
4
Let r(t) = -2*t + 2. Let v(q) = -q**2 + 2*q - 1. Let n(g) = 2*r(g) + 3*v(g). Give n(2).
-7
Let o(j) = -3*j + 14. Let q(s) = 2*s - 9. Let l(u) = 3*o(u) + 5*q(u). What is l(-1)?
-4
Let y(n) = n**2 + 8*n - 9. Let a(s) be the third derivative of s**5/15 + s**4 - 9*s**3/2 + 4*s**2. Let t(k) = 2*a(k) - 7*y(k). What is t(6)?
-3
Let f(k) = 0*k**3 + 2*k**3 + 6*k - k**3 + 3*k - 7*k**2 + 2 - 20. What is f(6)?
0
Let r(w) be the third derivative of -w**5/60 + w**4/4 + 2*w**3 + 129*w**2. Give r(8).
-4
Let w(z) be the first derivative of z**4/4 + 3*z**3 + 7*z**2 - 5*z + 14. Let a be w(-7). Let p(f) = -f - 4. Determine p(a).
1
Let j(t) be the third derivative of t**4/24 + 10*t**3/3 + 2*t**2 - 966*t. Suppose -2*y + 4*n - 4 = 0, -3*y - 2*n - 2*n = -4. Calculate j(y).
20
Let u(g) = g - 2. Let o(a) = 4*a - 3. Let k(m) = 3*o(m) - 6*u(m). Give k(8).
51
Let c(i) = -4*i**2 + 2*i**2 + 8 - i**3 - 3*i**2 - i + 4*i**2. Suppose 23*t + 3 = 3. What is c(t)?
8
Suppose -3 = -s + 1. Let v(q) = q + s*q**2 - 1 - 3*q**2 + 4*q - 1. Calculate v(-6).
4
Let q(v) = v + 5. Let a be -4 - ((7 - -1) + 3). What is q(a)?
-10
Let a(f) be the second derivative of f**4/12 - f**3/3 - 19*f. What is a(3)?
3
Let b(q) be the second derivative of 15*q + 1/12*q**4 + 0*q**2 + 1/2*q**3 + 0. What is b(-4)?
4
Let z(u) be the first derivative of 1/3*u**3 + 4*u**2 + u - 1. What is z(-6)?
-11
Let g(v) = -v**2 + 24*v - 45. Let j be g(22). Let z be (14*j)/(-3 + 4 + -3). Let y(q) = -q**3 + 7*q**2 - 2*q + 6. Determine y(z).
-8
Let k(m) = -m**2 - 10*m - 10. Let b be 7/(28/8) + 0 + 1. Let s be (((-18)/5)/b)/((-6)/(-40)). Calculate k(s).
6
Let p(k) = 2 - 3*k**3 + 2*k**3 - 4*k + 3*k**2 + 2*k**2. Let y(i) = -i**3 - 2*i**2 + i - 3. Let h be y(-3). Calculate p(h).
8
Let l(r) = 9*r**2 - 54390*r + 27193*r - r**3 + 27196*r + 6. Let b be (9/(-4))/(3/(-12)). Determine l(b).
-3
Let j be (-22)/(-8) - (-1)/4. Let l(r) be the third derivative of r**5/30 - r**4/8 + r**3/2 + 2*r**2 - 235. Calculate l(j).
12
Let h(r) be the third derivative of -1/6*r**4 - 13*r**2 - 1/20*r**5 + 0 + 1/3*r**3 + 0*r + 1/120*r**6. Give h(3).
-10
Let p(n) be the second derivative of -n**6/360 - n**5/20 - n**4/8 + 7*n**3/2 + 18*n. Let a(k) be the second derivative of p(k). Calculate a(-6).
-3
Let o(d) = -d**3 - 5*d**2 + 5*d - 7. Let b(l) = 10*l + 10. Let c(w) = -2*w - 2. Let f(q) = -3*b(q) - 16*c(q). Let s be f(-4). Give o(s).
-1
Let r be (-564)/56 + (-1)/(-14). Let m(g) = -g - 13. Calculate m(r).
-3
Suppose 9 = 4*i - y - 14, 4*i = 5*y + 19. Let s(r) = 1 + 9*r + r - i*r - 5*r. Calculate s(6).
-5
Let r(y) = y**3 - 9*y**2 + 6*y + 20. Let o be r(8). Let l(i) = i**3 - 5*i**2 + 5*i - 4. Give l(o).
0
Let k(h) = 4*h + 30. Let u be k(-6). Let o(v) = -v**2 + 7*v - 3. Calculate o(u).
3
Let r(p) = 2*p**3 - 6*p**2 + 3. Let h = 332 - 329. What is r(h)?
3
Let s(g) = 60*g + 68*g - 126*g. Let u(h) = -3*h - 7. Let i(w) = -7*w - 14. Let k(p) = 2*i(p) - 5*u(p). Let j be k(-6). What is s(j)?
2
Let v(h) = -2*h - 284*h**3 + 30*h**2 + 285*h**3 - 2 - 28*h**2. Give v(-2).
2
Let y(x) = -5*x + 198. Let u(a) = -14*a + 562. Let z(m) = -6*u(m) + 17*y(m). Let c(d) = -d**3 + 6*d**2 - d + 3. Let j be c(6). Determine z(j).
-3
Let k = -25 - -25. Suppose 3*t + t + 16 = k, -t = -3*z + 4. Suppose -2*x + 2*f - 4 - 6 = z, 5*f = -x + 1. Let u(i) = i + 4. Determine u(x).
0
Let a(t) = t**2 + t + 2. Let q(i) = 2*i + 1. Suppose 5*p = 4 + 1. Let o be q(p). Let h(f) = -f + 3. Let s be h(o). Determine a(s).
2
Suppose 0 = -2*y + r + 3*r + 38, -68 = -4*y + 4*r. Let o(k) = 2*k**2 - 31*k + 15. What is o(y)?
0
Let p = 10 - 19. Let m(h) = -2*h - 18. Let z be m(p). Let a(g) = -g**2 + g + 1. Give a(z).
1
Let k be (-104)/(-12) - 3/18*-2. Let t(f) = f - 6. Calculate t(k).
3
Let n(f) be the first derivative of -f**3/3 - f**2 + 5*f + 2. Suppose -22 + 13 = -3*i, -2*z - 3*i =